- 0*f - s. What is the units digit of f?
7
Let d = 8 - -112. Suppose 4*f + 0*f = d. What is the units digit of f?
0
Let r = -47 + 68. What is the tens digit of r?
2
Let v = 29 - 13. What is the units digit of (-102)/(-8) + 4/v?
3
Suppose 2*h - 9 = -h. Let w = 0 + h. What is the units digit of w?
3
Suppose -r - 483 = 3*n - 70, -r = 2*n + 275. What is the units digit of 1/((-9)/n)*3?
6
Suppose 0 = -5*a + 2*a. Suppose a*k - 4*k + 72 = 0. What is the units digit of k?
8
Suppose 5*d = c + 17 - 2, -2*c - 2*d + 30 = 0. Let m = 9 + c. What is the tens digit of m?
1
Suppose 0 = 4*k - 3*k + 2, 6 = 4*m + k. Let s be m*(-2 - (-6)/4). What is the units digit of (2 + -1)/(s/(-7))?
7
Let h be -3 - 11/((-22)/12). Suppose 3*q - 108 = -h*x, -4*x + 4*q = 39 - 199. What is the units digit of x?
8
Suppose -2*s + 5*s - 19 = 5*b, -25 = -5*s + 5*b. Suppose -v + s*v = 34. What is the units digit of v?
7
Suppose -2*i - 2*i + 8 = 0. Suppose i + 0 = -g. Let k(z) = -2*z - 3. What is the units digit of k(g)?
1
What is the hundreds digit of 184 - (4 - (0 + 3))?
1
Let y(k) be the first derivative of -k**2/2 - 2*k + 1. Let j be y(-4). Suppose -3 = -j*d + 3. What is the units digit of d?
3
Suppose -5*y = -5*s - 240, y + 39 = 2*y - 4*s. What is the tens digit of y?
5
Suppose 4*h - 3*x + x + 8 = 0, 2*h + 4*x - 16 = 0. Let r(v) = v + 52. Let y be r(h). Suppose -g - y = -2*u - 6*g, 0 = -g + 4. What is the units digit of u?
6
Let f be (10/8)/((-1)/(-4)). Let q be (-2 - -10)/4*4. Suppose -f*u + q*u = 9. What is the units digit of u?
3
Let n = -46 + 84. What is the tens digit of n?
3
Let v = 165 - 142. What is the tens digit of v?
2
Suppose -27 + 7 = -4*i. What is the tens digit of (-2)/i*(-50)/1?
2
Let l be -2 - (3 - (2 - 56)). Let r = -22 - l. What is the units digit of r?
7
Suppose 2*y + 21 = 119. What is the tens digit of y?
4
Suppose 4*t = -t. Suppose 4*x + 5*u - 1 + 12 = 0, t = 4*x + 2*u + 2. What is the units digit of x?
1
Let k = -6 + 2. Let p = -5 - -13. What is the units digit of (-14)/k*p/14?
2
Let a(k) = -k**3 + 13. Let p be a(0). What is the units digit of (-4)/(2 - 0) + p?
1
Suppose -13*y = -17*y + 172. What is the tens digit of y?
4
Suppose 4 = 5*c - 6. Let t(b) = b**3 + b**2 - 2*b + 2. What is the tens digit of t(c)?
1
Suppose -3*l = n - 17, 3*n + 5*l + 0 = 39. What is the units digit of n?
8
Let i(w) = -34*w**3 - 2*w**2 - 3*w + 4. What is the hundreds digit of i(-2)?
2
Suppose -2*h = 2*h. Let c be -1 - ((h - -5) + -2). What is the tens digit of c/14 - (-237)/21?
1
Let y(p) = p - 6. Let b = -10 + 5. Let o(j) = -j + 7. Let m(i) = b*y(i) - 4*o(i). What is the units digit of m(-6)?
8
Let b = 242 - 23. Suppose -5*r + b = -4*z + z, 0 = -5*r + 4*z + 222. What is the units digit of r?
2
Suppose -6*o + 569 = -43. What is the tens digit of o?
0
Suppose -3 = -l - x, 3*x - 21 = -5*l + x. Suppose 0 = -4*t - l*y + 33, -4*y = -0*t - 2*t - 16. Suppose 0*q - t = -2*q. What is the units digit of q?
1
Let y = -272 + 390. What is the units digit of y?
8
Let o be (-3)/(-4) + 573/(-12). Let g = -29 - o. What is the units digit of g?
8
Let n(p) = -13*p**3 + 4*p**2 + 2*p - 1. What is the tens digit of n(-2)?
1
Let l(f) = f**3 - f**2 - 5*f - 1. What is the units digit of l(5)?
4
Let y(u) be the third derivative of -u**4/6 + 2*u**3/3 - 2*u**2. Let v be y(-7). Suppose -3*d + 0*r - r = -19, -2*r - v = -4*d. What is the units digit of d?
7
Let l(i) = -i + 4. Let s be l(4). Let q be s - (1 + -2 - -2). What is the units digit of (-60)/(-9) + q/(-3)?
7
Suppose -4*p - 2*s + 178 = 0, -3*p = 3*s + s - 131. Suppose 3*t + 112 - p = 2*h, -5*t = h - 1. What is the units digit of h?
6
Let o = 2 + -2. Suppose o = -2*w - 5*l + 25, -w + 2*l - 1 = -0. Suppose w*x = 31 - 6. What is the units digit of x?
5
Let c = -14 + 18. Suppose -48 = -8*v + c*v. What is the tens digit of v?
1
Let q(c) = c - 10. Let x be q(7). What is the units digit of (-14)/x*126/49?
2
Let g(z) = -z + 16. Let m = 7 - 5. Let h = 9 + m. What is the units digit of g(h)?
5
Let r be ((-20)/(-16))/((-2)/(-88)). Let u = r + -28. What is the units digit of u?
7
Suppose -4*f - 3*n = -5961, n + n - 7446 = -5*f. Suppose -3*m + 3 = 0, -w - 4*w - f = -3*m. What is the tens digit of w/(-15) + 2/10?
2
Suppose 3*o - 7 = x + 6, -4*o + 12 = 4*x. Suppose o*b + 92 = 3*d, 5*d + 5*b = 189 - 59. What is the units digit of d?
8
Let s(x) = -5*x**3 + 2*x - 2. Let a(w) = 11*w**3 + w**2 - 5*w + 5. Let p(c) = 4*a(c) + 9*s(c). What is the units digit of p(3)?
5
What is the hundreds digit of 10/(-2) - -5*51?
2
Let n(f) = 3*f**2 + 5. What is the units digit of n(-3)?
2
Suppose 5*u - 2 = 3*w, 2*w + 7 = 4*u + 3. Let n be (1 + (-1)/2)*w. Suppose n*q = k + 36 - 0, 3*k + 20 = q. What is the tens digit of q?
1
Let g(i) = -i**2 + i - 1. Let c(h) = -h**2 - h. Let j(r) = c(r) - 3*g(r). Let p be j(2). Let x(b) = b**2 + b - 3. What is the units digit of x(p)?
9
Suppose -2*s - 2*s - w = -212, -3*s - w + 158 = 0. What is the units digit of s?
4
Suppose 0 = -3*h - i + 3*i - 6, -3 = -i. Suppose 3*y - 59 - 46 = h. Let u = -21 + y. What is the tens digit of u?
1
Let x(l) = l**3 - 4*l**2 - 4*l + 2. Let d be x(5). Let t be 3/(2*1/2). Let m = d + t. What is the units digit of m?
0
Let f(l) be the third derivative of -l**6/60 - l**5/60 + l**4/8 + l**3/6 - l**2. Let k be f(-2). What is the units digit of 2/((-2)/k*-1)?
7
Let n(v) = v - 3. Let m be n(3). Let r = m + -1. What is the units digit of r/2 + (-5)/(-2)?
2
What is the units digit of 4/(-3 + 3 + 1)?
4
Suppose 60 + 25 = -5*l. Let s = l - -30. What is the units digit of s?
3
Suppose 4*y - 3 = 13. Suppose 2 + 2 = -3*r + 2*p, -2*p = -4*r - 2. Suppose -r*d - 20 = -5*b - y*d, 0 = -4*d. What is the units digit of b?
4
Let q = 51 - 2. What is the tens digit of q?
4
Let b(v) = -v**2 + 12*v - 11. Let m be b(11). Suppose -n = 3*n. What is the units digit of n + (m - 1) + 10?
9
Suppose -2*q = -5*u - 101, 4*q + 2*u = 3*u + 193. Suppose q = -s + 4*s. What is the units digit of s/6*(-9)/(-6)?
4
Suppose 5 = -n, -3*v + 2*v + 17 = -3*n. Let c be (-110)/(-8)*(-8)/(-2). Suppose -v*b = 3*b - c. What is the units digit of b?
1
What is the tens digit of (-2*(-326)/(-2))/(-2)?
6
Suppose -12*t - 21 = -13*t. What is the units digit of t?
1
What is the tens digit of (340 + -2)/2 - -2?
7
Let y(g) = -g**2 - 5*g - 6. Let r be y(-4). Let v(s) = -2*s**3 - 3*s + 1. What is the units digit of v(r)?
3
Let h = -115 - 20. What is the tens digit of (-5)/1*h/25?
2
Suppose 0 = -4*c - 0*c - 5*b + 468, c - 4*b - 138 = 0. What is the hundreds digit of c?
1
What is the units digit of (-1)/((-5 + 6)/(-29))?
9
Suppose 3*k - 60 = 3*f - 6, -5*k + 84 = -3*f. Suppose -3 = 3*g - k. Suppose 2*h - 2*r - 9 = h, -3*r + 47 = g*h. What is the units digit of h?
1
Let j = 385 + -95. What is the units digit of j?
0
Let u(y) = y**2 - 11*y - 8. What is the units digit of u(12)?
4
Let p(y) = y - 1. Let d(w) = -w**2 + 4*w + 5. Let g(q) = d(q) + 4*p(q). What is the tens digit of g(6)?
1
Let r(x) = 9*x**2 - 8*x - 14. What is the hundreds digit of r(-4)?
1
Suppose -5*x - 25 = 0, -2*h - 2*x - 1 = x. Let q(i) = -i**3 + 6*i**2 + 7*i + 6. What is the units digit of q(h)?
6
Let m be (-185)/35 - (-2)/7. Let g(q) = -q**2 - 7*q - 3. What is the units digit of g(m)?
7
Let t(v) = 4 - 3 + 4 - 3*v. What is the tens digit of t(-11)?
3
What is the tens digit of ((-66)/18)/((-1)/3)?
1
Suppose 4*g + 28 = 4*u, g + 3*u = 2 - 9. Let c = -5 - g. Suppose -2*r + 5*r = -5*l + 4, -7 = -3*r - c*l. What is the units digit of r?
3
Let z = 7 - 45. What is the units digit of z/(-10) - (-4)/20?
4
Let f(p) be the first derivative of p**3/3 + p**2 - 4*p + 4. Let o be f(-4). Suppose -n = -5*n - 12, o*n + 32 = 2*i. What is the units digit of i?
0
What is the units digit of -2 + 1 + (96 - 0/2)?
5
Let u(g) = g + 3. Let z be u(7). Suppose -24 = -2*l + z. What is the units digit of l?
7
Let i = -36 - -41. Let b(k) = k - 1. Let p(o) = -2*o**2 - 4*o + 14. Let w(s) = -10*b(s) - p(s). What is the units digit of w(i)?
6
Suppose 0 = -2*f + 39 - 9. Let g = -31 + 36. Let v = f - g. What is the units digit of v?
0
Let a(z) = z + 2. Let o be a(6). Suppose 3*c + 2*s - 28 = -2*s, o = -c + 3*s. What is the units digit of c?
4
Let l be (-5 - -1)*(-4)/(-8). Let f be l + (-3)/(-1) + -1. Let c = f + 7. What is the units digit of c?
7
What is the units